{"id":11,"date":"2025-07-16T17:57:11","date_gmt":"2025-07-16T15:57:11","guid":{"rendered":"https:\/\/irm-schwabestiftung.de\/wordpress\/?page_id=2"},"modified":"2025-11-29T14:24:09","modified_gmt":"2025-11-29T13:24:09","slug":"beispiel-seite-2","status":"publish","type":"page","link":"https:\/\/www.irm-schwabestiftung.de\/","title":{"rendered":"Startseite"},"content":{"rendered":"\n<div class=\"wp-block-media-text has-media-on-the-right is-stacked-on-mobile\"><div class=\"wp-block-media-text__content\">\n<p>Unsere <strong>rechtsf\u00e4hige Stiftung b\u00fcrgerlichen Rechts<\/strong> wurde ins Leben gerufen, um Menschen in schwierigen Lebenssituationen beizustehen und Kindern sowie Jugendlichen bessere Chancen f\u00fcr ihre Zukunft zu erm\u00f6glichen.<\/p>\n\n\n\n<p>Nicht jeder hat die finanziellen M\u00f6glichkeiten, um sich in besonderen Lebenslagen selbst zu helfen. Genau hier m\u00f6chten wir unterst\u00fctzen.<\/p>\n\n\n\n<p><strong>Wir helfen, wenn das Leben schwerf\u00e4llt<\/strong>.<\/p>\n<\/div><figure class=\"wp-block-media-text__media\"><img decoding=\"async\" src=\"https:\/\/www.irm-schwabestiftung.de\/wp-content\/uploads\/2025\/09\/logo_corrected_smooth_curves.svg\" alt=\"Logo\" class=\"wp-image-173 size-full\"\/><\/figure><\/div>\n","protected":false},"excerpt":{"rendered":"<p>Unsere rechtsf\u00e4hige Stiftung b\u00fcrgerlichen Rechts wurde ins Leben gerufen, um Menschen in schwierigen Lebenssituationen beizustehen und Kindern sowie Jugendlichen bessere Chancen f\u00fcr ihre Zukunft zu erm\u00f6glichen. Nicht jeder hat die finanziellen M\u00f6glichkeiten, um sich in besonderen Lebenslagen selbst zu helfen. Genau hier m\u00f6chten wir unterst\u00fctzen. Wir helfen, wenn das Leben schwerf\u00e4llt.<\/p>\n","protected":false},"author":1,"featured_media":11,"parent":0,"menu_order":0,"comment_status":"closed","ping_status":"open","template":"","meta":{"footnotes":""},"class_list":["post-11","page","type-page","status-publish","has-post-thumbnail","hentry"],"_links":{"self":[{"href":"https:\/\/www.irm-schwabestiftung.de\/index.php?rest_route=\/wp\/v2\/pages\/11","targetHints":{"allow":["GET"]}}],"collection":[{"href":"https:\/\/www.irm-schwabestiftung.de\/index.php?rest_route=\/wp\/v2\/pages"}],"about":[{"href":"https:\/\/www.irm-schwabestiftung.de\/index.php?rest_route=\/wp\/v2\/types\/page"}],"author":[{"embeddable":true,"href":"https:\/\/www.irm-schwabestiftung.de\/index.php?rest_route=\/wp\/v2\/users\/1"}],"replies":[{"embeddable":true,"href":"https:\/\/www.irm-schwabestiftung.de\/index.php?rest_route=%2Fwp%2Fv2%2Fcomments&post=11"}],"version-history":[{"count":24,"href":"https:\/\/www.irm-schwabestiftung.de\/index.php?rest_route=\/wp\/v2\/pages\/11\/revisions"}],"predecessor-version":[{"id":238,"href":"https:\/\/www.irm-schwabestiftung.de\/index.php?rest_route=\/wp\/v2\/pages\/11\/revisions\/238"}],"wp:featuredmedia":[{"embeddable":true,"href":"https:\/\/www.irm-schwabestiftung.de\/index.php?rest_route=\/wp\/v2\/pages\/11"}],"wp:attachment":[{"href":"https:\/\/www.irm-schwabestiftung.de\/index.php?rest_route=%2Fwp%2Fv2%2Fmedia&parent=11"}],"curies":[{"name":"wp","href":"https:\/\/api.w.org\/{rel}","templated":true}]}}