{"id":83,"date":"2025-07-21T17:05:37","date_gmt":"2025-07-21T15:05:37","guid":{"rendered":"https:\/\/www.irm-schwabestiftung.de\/?page_id=83"},"modified":"2025-11-28T12:02:04","modified_gmt":"2025-11-28T11:02:04","slug":"ueber-uns","status":"publish","type":"page","link":"https:\/\/www.irm-schwabestiftung.de\/?page_id=83","title":{"rendered":"\u00dcber Uns"},"content":{"rendered":"\n<h2 class=\"wp-block-heading\"><strong>Wer wir sind und was wir machen<\/strong><\/h2>\n\n\n\n<h5 class=\"wp-block-heading\"><strong>Vorstand der Stiftung:<\/strong><\/h5>\n\n\n\n<p>Ralf Schwabe \u2013 einer unserer Stifter<\/p>\n\n\n\n<h5 class=\"wp-block-heading\"><strong>Stiftungsrat<\/strong><\/h5>\n\n\n\n<p>Tom Schulze \u2013 Gesch\u00e4ftsf\u00fchrer<br>Till Vosberg \u2013 Rechtsanwalt und Gesch\u00e4ftsf\u00fchrer<br>Henning Marten H\u00fcbscher \u2013 Rechtsanwalt<\/p>\n\n\n\n<h5 class=\"wp-block-heading\"><strong>Was wir machen<\/strong><\/h5>\n\n\n\n<p>Die Ingrid, Ralf und Marco Schwabe Stiftung hat zwei gro\u00dfe Herzensanliegen:<\/p>\n\n\n\n<p><strong>1. F\u00f6rderung von Kindern und Jugendlichen<\/strong><\/p>\n\n\n\n<p>Wir m\u00f6chten, dass junge Menschen ihre schulischen und beruflichen Wege erfolgreich gehen k\u00f6nnen. Darum f\u00f6rdern wir:<\/p>\n\n\n\n<ul class=\"wp-block-list\">\n<li>Nachhilfeangebote, die Kindern und Jugendlichen Lernerfolge erm\u00f6glichen<\/li>\n\n\n\n<li>Familien, die sich Nachhilfe nicht leisten k\u00f6nnen, indem wir die Kosten \u00fcbernehmen<\/li>\n<\/ul>\n\n\n\n<p>Unser Ziel: bessere Bildungschancen und Perspektiven f\u00fcr die Zukunft.<\/p>\n\n\n\n<p><strong>2. Unterst\u00fctzung f\u00fcr Menschen in schwierigen Lebenslagen<\/strong><\/p>\n\n\n\n<p>Wir unterst\u00fctzen Menschen, die aufgrund ihrer finanziellen Situation auf Hilfe angewiesen sind. Unsere Unterst\u00fctzung umfasst zum Beispiel:<\/p>\n\n\n\n<ul class=\"wp-block-list\">\n<li>Hilfe in akuten Notlagen oder bei individuellen Bed\u00fcrfnissen<\/li>\n\n\n\n<li>Kosten\u00fcbernahme f\u00fcr besondere Heilbehandlungen bei schweren Erkrankungen<\/li>\n<\/ul>\n\n\n\n<p>Unser Ziel: ein St\u00fcck Lebensqualit\u00e4t zur\u00fcckgeben.<\/p>\n","protected":false},"excerpt":{"rendered":"<p>Wer wir sind und was wir machen Vorstand der Stiftung: Ralf Schwabe \u2013 einer unserer Stifter Stiftungsrat Tom Schulze \u2013 Gesch\u00e4ftsf\u00fchrerTill Vosberg \u2013 Rechtsanwalt und Gesch\u00e4ftsf\u00fchrerHenning Marten H\u00fcbscher \u2013 Rechtsanwalt Was wir machen Die Ingrid, Ralf und Marco Schwabe Stiftung hat zwei gro\u00dfe Herzensanliegen: 1. F\u00f6rderung von Kindern und Jugendlichen Wir m\u00f6chten, dass junge Menschen [&hellip;]<\/p>\n","protected":false},"author":1,"featured_media":0,"parent":0,"menu_order":0,"comment_status":"closed","ping_status":"closed","template":"","meta":{"footnotes":""},"class_list":["post-83","page","type-page","status-publish","hentry"],"_links":{"self":[{"href":"https:\/\/www.irm-schwabestiftung.de\/index.php?rest_route=\/wp\/v2\/pages\/83","targetHints":{"allow":["GET"]}}],"collection":[{"href":"https:\/\/www.irm-schwabestiftung.de\/index.php?rest_route=\/wp\/v2\/pages"}],"about":[{"href":"https:\/\/www.irm-schwabestiftung.de\/index.php?rest_route=\/wp\/v2\/types\/page"}],"author":[{"embeddable":true,"href":"https:\/\/www.irm-schwabestiftung.de\/index.php?rest_route=\/wp\/v2\/users\/1"}],"replies":[{"embeddable":true,"href":"https:\/\/www.irm-schwabestiftung.de\/index.php?rest_route=%2Fwp%2Fv2%2Fcomments&post=83"}],"version-history":[{"count":11,"href":"https:\/\/www.irm-schwabestiftung.de\/index.php?rest_route=\/wp\/v2\/pages\/83\/revisions"}],"predecessor-version":[{"id":236,"href":"https:\/\/www.irm-schwabestiftung.de\/index.php?rest_route=\/wp\/v2\/pages\/83\/revisions\/236"}],"wp:attachment":[{"href":"https:\/\/www.irm-schwabestiftung.de\/index.php?rest_route=%2Fwp%2Fv2%2Fmedia&parent=83"}],"curies":[{"name":"wp","href":"https:\/\/api.w.org\/{rel}","templated":true}]}}